 base 12, what is -1 + -58?
-59
In base 10, what is -4 + -85?
-89
In base 5, what is 1 - 1301?
-1300
In base 7, what is 0 + -54?
-54
In base 2, what is -1011010 - 10001?
-1101011
In base 8, what is -16 + -3?
-21
In base 7, what is 20 + -15?
2
In base 14, what is 3 + 10?
13
In base 16, what is 3 - 16?
-13
In base 5, what is 2031 - -10?
2041
In base 12, what is 71 - -20?
91
In base 14, what is -14 - a?
-20
In base 12, what is -2497 - -3?
-2494
In base 14, what is 1 + 70?
71
In base 4, what is -11000 + -11?
-11011
In base 11, what is 5 + 907?
911
In base 7, what is 2 + 41?
43
In base 8, what is -5 + -14?
-21
In base 9, what is -83 - 366?
-460
In base 15, what is 380 - -1?
381
In base 10, what is 84 - -44?
128
In base 16, what is 80 + -4?
7c
In base 7, what is 265 + -23?
242
In base 6, what is 10 - 13?
-3
In base 15, what is -4 + -3?
-7
In base 2, what is 10110000 + -1?
10101111
In base 3, what is 1021 + -221?
100
In base 5, what is 1214 + -41?
1123
In base 11, what is -29 + 2?
-27
In base 8, what is 5 + -447?
-442
In base 2, what is -1 - -1011000100111?
1011000100110
In base 12, what is -1b - 435?
-454
In base 10, what is -3 + 8?
5
In base 8, what is -1066 - 1?
-1067
In base 8, what is 2 - 121?
-117
In base 12, what is -5 + -432?
-437
In base 2, what is 110 + 111?
1101
In base 6, what is 225 - 24?
201
In base 10, what is 3 - 1456?
-1453
In base 15, what is 3 + -2e?
-2b
In base 4, what is 110 - 301?
-131
In base 2, what is 100101010 + 1010?
100110100
In base 4, what is -113312 + -3?
-113321
In base 8, what is 1 - -53?
54
In base 11, what is -88 + -5?
-92
In base 11, what is -10 + 2?
-9
In base 8, what is -152 + 1?
-151
In base 8, what is 56524 + 5?
56531
In base 5, what is -10 - -10001?
4441
In base 14, what is -3ac - -15?
-397
In base 8, what is -275 + -3?
-300
In base 9, what is 124 - -215?
340
In base 4, what is 2011 + -2?
2003
In base 7, what is -5 - -31?
23
In base 8, what is 33 + -6?
25
In base 16, what is -9 - 4c?
-55
In base 9, what is 3 - 2331?
-2327
In base 7, what is -20 + 56?
36
In base 15, what is b - 83d?
-832
In base 4, what is 1 - -302203?
302210
In base 7, what is 1011 - 1?
1010
In base 4, what is 11 - -1022?
1033
In base 6, what is 0 - 2343?
-2343
In base 9, what is 54 - 42?
12
In base 13, what is -137 + 15?
-122
In base 8, what is 726 - -3?
731
In base 7, what is -2 - -550?
545
In base 8, what is -1210 - 5?
-1215
In base 9, what is -215 + 2?
-213
In base 16, what is 4 + d?
11
In base 15, what is -1 - -8c?
8b
In base 14, what is 3 - 3d?
-3a
In base 3, what is -110011 + 0?
-110011
In base 16, what is -1d3 - 14?
-1e7
In base 15, what is -194 - 5?
-199
In base 11, what is -548 + -8?
-555
In base 5, what is 1424132 - -4?
1424141
In base 5, what is -222 - -2031?
1304
In base 2, what is 10011101 + -100?
10011001
In base 8, what is -2424 - 2?
-2426
In base 5, what is 214 + 214?
433
In base 5, what is -141 + 11300?
11104
In base 9, what is -115 + -3?
-118
In base 5, what is -24 - 12?
-41
In base 10, what is 16 - 20?
-4
In base 4, what is 122 - -33212?
100000
In base 3, what is 2110 + -1121?
212
In base 10, what is 0 - 174?
-174
In base 4, what is -3313 + 11?
-3302
In base 15, what is -40 + 3?
-3c
In base 16, what is -2 - -5f?
5d
In base 15, what is 23b7 - 3?
23b4
In base 11, what is -376 - -2a?
-347
In base 6, what is 5 + 20403?
20412
In base 3, what is 20 + 102100?
102120
In base 8, what is 4 - -524?
530
In base 11, what is -13a0 - -3?
-1398
In base 9, what is 6 - -225?
232
In base 13, what is -30 + -6?
-36
In base 2, what is -1101001 + -10011?
-1111100
In base 11, what is 4 + 161?
165
In base 2, what is 1011100 - 10?
1011010
In base 10, what is -5 + -160?
-165
In base 5, what is -1003 + -1?
-1004
In base 4, what is -1 - -1201?
1200
In base 3, what is -1 - 101020?
-101021
In base 9, what is 3 - -42?
45
In base 4, what is 2 - 23021?
-23013
In base 4, what is 20123 + -11?
20112
In base 12, what is 53 - -4?
57
In base 16, what is -47 + -6?
-4d
In base 2, what is 10000 + 1010111011?
1011001011
In base 9, what is 64 + -5?
58
In base 9, what is -1231 + 5?
-1225
In base 15, what is -5e - -1?
-5d
In base 7, what is -56 - 6?
-65
In base 15, what is -1 + -547?
-548
In base 4, what is 11 - 213?
-202
In base 9, what is 17643 - 1?
17642
In base 5, what is -22 - -1413?
1341
In base 2, what is -1 - 100101100?
-100101101
In base 7, what is -6435 + -2?
-6440
In base 5, what is 100303 + 4?
100312
In base 8, what is -3776 + -1?
-3777
In base 16, what is -1 + 194?
193
In base 5, what is -2403 - 102?
-3010
In base 4, what is 2000200 + 10?
2000210
In base 10, what is -9 + -6?
-15
In base 4, what is 21 + 210123?
210210
In base 8, what is 31 - 3?
26
In base 6, what is 1145 - -1?
1150
In base 2, what is -1 - -1100000100?
1100000011
In base 3, what is 20 - -1010?
1100
In base 12, what is -3 + 15?
12
In base 16, what is -4 + -79?
-7d
In base 3, what is -12201 + -11?
-12212
In base 12, what is -14 + -772?
-786
In base 5, what is -100041 + 3?
-100033
In base 14, what is 4 - -ca5?
ca9
In base 4, what is 1 - 111012?
-111011
In base 15, what is 3 + ca?
cd
In base 10, what is 3 + 20?
23
In base 16, what is 3e7 - -3?
3ea
In base 10, what is 4 + -83?
-79
In base 11, what is 8 + 44?
51
In base 13, what is -89 - 0?
-89
In base 12, what is -819 - 3?
-820
In base 12, what is -3 - b1?
-b4
In base 14, what is -a5 - -10?
-95
In base 6, what is 2452 + -15?
2433
In base 14, what is 389 - -15?
3a0
In base 2, what is -11 + -10110?
-11001
In base 6, what is -5 + 420?
411
In base 5, what is 10 - -2031?
2041
In base 4, what is -300 + 22?
-212
In base 15, what is 7 - 6c?
-65
In base 15, what is d58 - -1?
d59
In base 3, what is 1 + 12121?
12122
In base 3, what is -1120222 + 11?
-1120211
In base 4, what is 1 + -2331?
-2330
In base 6, what is -5 + 251?
242
In base 12, what is -a - 632?
-640
In base 5, what is -4102 - 0?
-4102
In base 3, what is 1110 - -10?
1120
In base 11, what is -34 - 2?
-36
In base 14, what is 4d - 65?
-16
In base 11, what is -6587 + -1?
-6588
In base 8, what is -572 - -23?
-547
In base 12, what is 5 + -259?
-254
In base 12, what is -2 + -327?
-329
In base 11, what is -2534 - 5?
-2539
In base 16, what is f1 + -3b?
b6
In base 9, what is -3 + -5678?
-5682
In base 10, what is 2 + 686?
688
In base 7, what is -1 - 613?
-614
In base 3, what is 10002000 + 2?
10002002
In base 15, what is -2457 + -5?
-245c
In base 12, what is -94 + -6?
-9a
In base 8, what is 5 - -13770?
13775
In base 15, what is -64 + 1?
-63
In base 10, what is 3 + 174?
177
In base 13, what is 90a + -c?
8cb
In base 14, what is 3 + -3d0?
-3cb
In base 2, what is -10001100000 + -110?
-10001100110
In base 10, what is -996 + -4?
-1000
In base 6, what is 2 + 10243?
10245
In base 12, what is -18a - 2?
-190
In base 9, what is -5 + 213?
207
In base 3, what is -10 - -120?
110
In base 5, what is 2 - 4132?
-4130
In base 8, what is 11775 + 3?
12000
In base 8, what is 131 - -76?
227
In base 13, what is -b49 - -8?
-b41
In base 6, what is -33 - 42?
-115
In base 13, what is 3 - -33?
36
In base 5, what is -232 + 30?
-202
In base 2, what is 10110010001 - 1?
10110010000
In base 11, what is -2 + 358?
356
In base 5, what is -41140 + 4?
-41131
In base 6, what is 443 - 10?
433
In base 7, what is -14565 - 4?
-14602
In base 9, what is 4 + -8831?
-8826
In base 10, what is -3 - 3748?
-3751
In base 16, what is 2 + 331?
333
In base 12, what is -b - -50?
41
In base 6, what is -13 - 123?
-140
In base 10, what is -7 - 167?
-174
In base 14, what is 1d5 + 1?
1d6
In base 10, what is 90 + -3?
87
In base 3, what is -21 + -11211?
-12002
In base 13, what is 2 - -4c?
51
In base 14, what is 1d - 39?
-1a
In base 8, what is -10 - 1276?
-1306
In base 12, what is -23 - 13?
-36
In base 14, what is 5c1 - -3?
5c4
In base 16, what is -6 - 10?
-16
In base 8, what is -15 + 254?
237
In base 3, what is 0 + 1120011?
1120011
In base 10, what is -14340 + 5?
-14335
In base 14, what is 755 + 0?
755
In base 11, what is 1 + 2a1?
2a2
In base 11, what is 14 - -3?
17
In base 5, what is 4043 - 1?
4042
In base 5, what is 0 - 2204?
-2204
In base 3, what is -12 + 110021?
110002
In base 9, what is -16 - 16?
-33
In base 12, what is -24 + -29?
-51
In base 11, what is -5 - -101?
a7
In base 3, what is 22 + 20102?
20201
In base 16, what is -d - 1a?
-27
In base 13, what is a + 7?